at is a(p)?
-5
Suppose 0 = -4*z + 4*j + 32, -2*z - z + 5*j + 28 = 0. Let n(b) = -b**3 + 5*b**2 + 5*b + 7. Let g be n(z). Let o(c) = -1 + g - c**2 + 7*c - 3. What is o(5)?
7
Let g(p) = 5435*p - 5432*p + 2*p**3 - p**2 - 2 - 2*p**2. Calculate g(2).
8
Let w be 16/(-12) + 1/3. Let v(n) = -3*n**3 + n. Determine v(w).
2
Let d(m) be the first derivative of 2*m**3/3 + m**2/2 + m + 1. Let s(w) = -3*w**2 - 2*w - 2. Let p(i) = 5*d(i) + 4*s(i). Suppose u - 3 = -5. Give p(u).
-5
Let b(u) = 2*u - 1. Let n = -11 - -14. Suppose -4*i - 1 = n. Give b(i).
-3
Suppose -3*a + a = -n - 33, 105 = 5*a + 5*n. Suppose -v = -5*j + a, -3*v = 4*j - 35 + 13. Let i(m) = 0*m - m**2 + 2*m**v + 4 - 4*m. Calculate i(4).
4
Let z(c) be the first derivative of -c**2 + 3*c - 8. Give z(-3).
9
Let g be 1/(-1) + 0 + 0. Let p(k) = -k - 3. Let n(q) = -1. Let a(o) = g*p(o) - 3*n(o). Give a(-4).
2
Let y(c) = 9*c**3 + 7*c**2 + 2*c + 11. Let h(o) = -5*o**3 - 4*o**2 - o - 6. Let n(b) = -11*h(b) - 6*y(b). Determine n(-2).
2
Suppose 0*j + 9 = -j. Let m = -6 - j. Let p = m + -7. Let y(a) = -a**3 - 5*a**2 - 4*a + 3. What is y(p)?
3
Let f be (3 - (5 - 3)) + 0. Let y be f/3 - (-2)/(-6). Let h(s) = 2*s + y*s - s**2 - 4*s - 3. Calculate h(-2).
-3
Let j(c) = -c**2 + 3. Suppose -6*v = -4*v + 4. Let f be 0/(2*(v + 1)). What is j(f)?
3
Let r(d) be the third derivative of 11*d**5/60 + d**3/6 - 23*d**2. Give r(-1).
12
Let k(n) be the third derivative of n**5/20 - n**3/6 - 28*n**2. Let m be (-4)/16 + (-14)/8. Calculate k(m).
11
Let o(h) = -h + 7. Suppose a + 2 + 3 = 0. Determine o(a).
12
Let v(z) = 3*z**2 - 4*z - 6. Let k(j) = 8*j**2 - 13*j - 17. Let h(n) = 4*k(n) - 11*v(n). Calculate h(-5).
13
Let h be ((-1)/3)/(9/(-135)). Suppose 2*t + 11 - h = 0. Let c(b) = 2*b**2 + 4*b - 1. Give c(t).
5
Let m(l) be the first derivative of -l**2 + 0*l - 1 + 1/3*l**3. Suppose 8*g - 4*g + 5 = 3*t, -5*g - 1 = -2*t. What is m(t)?
3
Let s be (2 + -1)/((-3)/(-6)). Suppose s*f = -9 - 3. Let v(l) = l**2 + 7*l + 8. Calculate v(f).
2
Let s(a) = -15*a - 3. Let b(r) = 7*r + 1. Let x(i) = 13*b(i) + 6*s(i). Suppose -3*h + 6*h = 21. What is x(h)?
2
Let n(z) = z**2 + 9*z - 3. Let h(w) = -w**2 - 8*w + 3. Let l(r) = -4*h(r) - 3*n(r). Give l(-5).
-3
Let l be -2 + 1/((-1)/(-3)). Let b be 5/(-3 - -4) + l. Suppose -z = -b*z. Let s(y) = -y - 6. Calculate s(z).
-6
Let u(n) = -n**3 + 17*n**2 - 17*n + 21. Let a be u(16). Let m(k) = -k**3 + 5*k**2 - 2*k + 2. Give m(a).
-8
Let r(n) = 3*n - n**2 + n - 42 + 92 - 44. Give r(6).
-6
Let j = -13 + 8. Let l(d) be the second derivative of 4*d - 1/12*d**4 + 0 + 5/2*d**2 - 2/3*d**3. Determine l(j).
0
Let o be ((-5)/(-3))/((-3)/18). Let y(d) = -16*d - 18. Let p(t) = 6 + 3*t + 8*t - t - 5*t. Let i(r) = o*p(r) - 3*y(r). Determine i(-5).
4
Let n(j) be the third derivative of -j**5/60 - j**4/6 - j**3/2 + 5*j**2. What is n(-4)?
-3
Let n be (-1)/3 + 80/(-12). Let t = n + 3. Let h(a) = -5 + 4*a**2 - 4*a**2 + a**2 + 2*a. Determine h(t).
3
Let m(a) be the second derivative of a**4/12 + a**3/6 + a**2/2 - a. Give m(-1).
1
Let s(k) be the second derivative of k**6/360 - k**5/24 - k**4/3 + 2*k. Let x(w) be the third derivative of s(w). Give x(4).
3
Let d(b) be the third derivative of 0*b**5 - b**2 - 1/12*b**4 + 0 - 1/24*b**6 + 0*b - 1/6*b**3. What is d(-1)?
6
Let r(q) be the second derivative of 0 + 1/2*q**3 - 3/2*q**2 - 1/12*q**4 + 2*q. Calculate r(5).
-13
Let f(q) = 2*q**3 - 3*q**2 + q + 1. Suppose -3*x - 4*u - 6 = u, -5*u = -5*x + 30. Suppose 0 = x*m - 18 - 6. Let d = m - 6. What is f(d)?
7
Let j(q) = 8*q + 9 - 4*q + 7 - 3*q. Give j(-11).
5
Let u(a) = -9*a**3 + 7*a**2 - 3*a + 2. Let i(l) = -4*l**3 + 3*l**2 - l + 1. Let m(o) = -5*i(o) + 2*u(o). Give m(-1).
-3
Let f(p) = 8*p**2 + 7*p + 2. Let x(j) = -9*j**2 - 8*j - 2. Let v(g) = 7*f(g) + 6*x(g). Calculate v(2).
12
Let z = 3 - -3. Suppose -3*g + 2 = 4*l - 8*g, 5*l - 3*g - 9 = 0. Let r(y) = 3 - y - l. Calculate r(z).
-6
Let h(r) = r**3 - 2*r**2 - 3. Let k be h(3). Let f be 2/((-14)/k - -2). Let d(n) = -n**3 - 6*n**2 + 2*n + 8. Calculate d(f).
-4
Suppose z = 3*z. Let t be (z - -1)*(1 + 0). Let d(g) be the second derivative of -g**3/6 - g**2/2 - 4*g. Calculate d(t).
-2
Let x(m) be the third derivative of -1/6*m**3 + 0 - 1/60*m**5 + 0*m - 1/120*m**6 + 1/24*m**4 + 3*m**2. Let h(n) = n + 1. Let y be h(-3). Give x(y).
1
Let s(y) be the third derivative of y**5/30 + y**4/8 - y**3/6 - 9*y**2. Determine s(-3).
8
Let f(v) = 2 + 0 - 3. Let b(l) = -l**3 - l**2 - 3. Let h(r) = b(r) - 3*f(r). Let c(d) = -2*d**3 - 28*d**2 + 2*d + 28. Let n be c(-14). Give h(n).
0
Let h(y) = 8*y**2 + y - 1. Suppose 2 + 3 = -5*x, 7 = 3*m - 4*x. What is h(m)?
8
Let c(l) be the first derivative of l**4/4 - 5*l**3/3 + l**2 + 2*l + 20. Give c(4).
-6
Let f(j) = j**3 - 3*j**2 - 4*j - 4. Let u be f(4). Let p(r) = -2*r**2 - 6*r - 2. Determine p(u).
-10
Let u(g) = -4*g**2 + 4*g**2 - g**2. Suppose -2*n + 2*x = -0*x - 22, 19 = 4*n + x. Suppose 0 = t - 4*t + n. Calculate u(t).
-4
Let r(h) = 40*h - 5*h - 23 - 2*h + 2. Let s(z) = -8*z + 5. Let f(t) = -5*r(t) - 21*s(t). Give f(-1).
-3
Suppose 3*r + 3*z = 5*r + 4, -3 = -5*r + z. Let q(k) = 7*k - 1. Calculate q(r).
6
Let z(s) = -s - 1. Let u(g) = -g - 2. Let h be u(-1). What is z(h)?
0
Let u = 0 + 0. Suppose -3*k - 5*z + 31 = u, k - 4*k + z = -1. Let w(p) = -p**3 + 3*p**2 - 3*p + 3. Calculate w(k).
1
Suppose 0 = 5*u + 22 - 62. Suppose 3*v - 20 = 2*z - 0*z, 0 = -3*v - z + u. Let b(h) = 3*h - 53 + 45 - 2*h. Determine b(v).
-4
Let w(n) be the third derivative of -n**9/30240 - n**6/720 + n**5/15 + 3*n**2. Let u(f) be the third derivative of w(f). Calculate u(1).
-3
Let i = 10 - 11. Let x(v) be the third derivative of 5*v**4/12 + v**3/6 + 3*v**2. Determine x(i).
-9
Let x = -1 - -6. Suppose -2*w = x*f - 13, w = -3*w + f - 7. Let k(o) be the second derivative of o**4/4 - o**2/2 + 2*o. Calculate k(w).
2
Let u be ((-2)/(-6))/((-2)/(-18)). Let q(k) = 11*k - u - 20*k + 4*k. What is q(-2)?
7
Suppose -6*p + 15 = -3*p. Let g(s) = s**3 - 4*s**2 - 4*s + 5. Give g(p).
10
Let m(h) be the second derivative of h**4/12 - h**3 - h**2 - 4*h. Calculate m(5).
-7
Let g(m) be the third derivative of -m**6/120 + m**5/20 + m**4/12 - m**3/2 + 15*m**2. Suppose 2*a + 2 + 0 = -2*b, 0 = 4*a - 4*b - 28. Give g(a).
3
Suppose -c + 5*s + 1 = 0, -6*s + 3 = -3*s. Let f(z) = 3 - c + z**3 - 1 + 6*z**2 + 1 + 6*z. Let o be (-74)/14 + (-2)/(-7). What is f(o)?
-8
Let i(r) = 7*r - 9. Let a be (-18)/(-4)*((-32)/12 + 4). Determine i(a).
33
Let s(t) = -t**2 + 3. Let n(r) = 9*r - 1. Let b be n(1). Suppose -5*x + 10*x + 25 = 0. Let j = b + x. Give s(j).
-6
Let f(t) = 5*t**3 + 9*t**2 - 6*t - 17. Let r(o) = -11*o**3 - 18*o**2 + 12*o + 35. Let j(b) = 13*f(b) + 6*r(b). What is j(8)?
5
Let s(o) = -o**3 - 2*o**2 - 3 + 0 + 3*o**2. Let q be (2 + -2)/(2 + -5). Calculate s(q).
-3
Suppose 3*t + t = -8. Let s(z) be the second derivative of -z**4/12 - z**3/3 + z**2/2 - 3*z. Determine s(t).
1
Let f(x) = x - 6. Suppose 15*t = 11*t + 12. Give f(t).
-3
Let x be 2/4*-3*2. Let p(f) = 3*f**2 + 11*f - 2. Let o(a) = 2*a**2 + 7*a - 1. Let v(n) = 8*o(n) - 5*p(n). Determine v(x).
8
Let n(y) = y + 6. Let x be (-6)/8 - 45/(-12). Suppose -m + 18 = -5*z, x*m = -3*z - 0*z. Give n(z).
3
Let r(p) = 137 - 139 + 0*p - p. Determine r(-2).
0
Suppose 0*b + 2*b + 2*q + 6 = 0, -4*q - 26 = -3*b. Let z(m) = 5*m**2 - 2*m - 1. Determine z(b).
15
Suppose -7*f + 9*f = -12. Let p(b) = -b**2 - 6*b + 6. What is p(f)?
6
Suppose -5*p - 4*s - 38 = 0, 8*s - 20 = 5*p + 3*s. Let v(q) = -q**2 - 7*q - 9. What is v(p)?
-3
Suppose -6 = w + 5*d - 5, 4*w - 11 = -5*d. Let t(o) = o**3 - 4*o**2 + o - 2. Let z be t(4). Let u(x) = -2*x - 2*x - x**2 + 2*x**z - 3. Give u(w).
-3
Suppose 2 = -4*r - 2. Let j(o) be the first derivative of 2*o**2 - o + 14. Determine j(r).
-5
Let v(m) = m**3 + m**2 - 6. Suppose -11 = -5*t - 4*u + 14, 0 = t - u - 5. Let p(c) = 0*c**3 + 7*c - c**3 - c**2 - t*c. Let b be p(-2). Give v(b).
-6
Let v = -2 + 1. Let m(s) be the first derivative of -s**4/12 - s**3/6 - 3*s + 2. Let j(h) be the first derivative of m(h). Determine j(v).
0
Let s(u) = 7*u + 1. Let v(a) = a. Let o(l) = -s(l) + 6*v(l). Calculate o(-4).
3
Let a(n) = -2*n**2 + 3*n - 1. Let m be a(2). Let d(q) = -2*q**2 + 2*q - 2. Let h(u) = -2*u**2 - 2 + 4*u + 6*u - 9*u. Let w(k) = m*h(k) + 2*d(k). What is w(